{"id":1651,"date":"2019-02-20T14:05:24","date_gmt":"2019-02-20T13:05:24","guid":{"rendered":"https:\/\/inative.es\/pos\/?post_type=product&#038;p=1651"},"modified":"2019-02-20T14:50:47","modified_gmt":"2019-02-20T13:50:47","slug":"hiopos-demo","status":"publish","type":"product","link":"https:\/\/inative.es\/pos\/shop\/hiopos-demo\/","title":{"rendered":"HIOPOS Demo"},"content":{"rendered":"<p>Recibir\u00e1s el link de descarga del APK para instalar en tu dispositivo Android y tu usuario y contrase\u00f1a por email en un m\u00e1ximo de 24hrs despu\u00e9s de hacer el pedido.<\/p>\n<p>Tambi\u00e9n se puede ver dentro del apartado \u00abMi Cuenta &gt; Pedidos\u00bb una vez que el pedido se ha completado.<\/p>\n","protected":false},"excerpt":{"rendered":"<p>\u00a1Prueba HIOPOS durante 14 d\u00edas gratis!<\/p>\n","protected":false},"featured_media":1334,"comment_status":"closed","ping_status":"closed","template":"","meta":[],"yoast_head":"<!-- This site is optimized with the Yoast SEO plugin v16.2 - https:\/\/yoast.com\/wordpress\/plugins\/seo\/ -->\n<title>HIOPOS Demo - Inative POS<\/title>\n<meta name=\"robots\" content=\"index, follow, max-snippet:-1, max-image-preview:large, max-video-preview:-1\" \/>\n<link rel=\"canonical\" href=\"https:\/\/inative.es\/pos\/shop\/hiopos-demo\/\" \/>\n<meta property=\"og:locale\" content=\"es_ES\" \/>\n<meta property=\"og:type\" content=\"article\" \/>\n<meta property=\"og:title\" content=\"HIOPOS Demo - Inative POS\" \/>\n<meta property=\"og:description\" content=\"\u00a1Prueba HIOPOS durante 14 d\u00edas gratis!\" \/>\n<meta property=\"og:url\" content=\"https:\/\/inative.es\/pos\/shop\/hiopos-demo\/\" \/>\n<meta property=\"og:site_name\" content=\"Inative POS\" \/>\n<meta property=\"article:publisher\" content=\"https:\/\/www.facebook.com\/OfficialInative\/\" \/>\n<meta property=\"article:modified_time\" content=\"2019-02-20T13:50:47+00:00\" \/>\n<meta property=\"og:image\" content=\"https:\/\/inative.es\/pos\/wp-content\/uploads\/2019\/01\/HioPOS-Logo.png\" \/>\n\t<meta property=\"og:image:width\" content=\"968\" \/>\n\t<meta property=\"og:image:height\" content=\"226\" \/>\n<meta name=\"twitter:card\" content=\"summary_large_image\" \/>\n<meta name=\"twitter:site\" content=\"@officialinative\" \/>\n<script type=\"application\/ld+json\" class=\"yoast-schema-graph\">{\"@context\":\"https:\/\/schema.org\",\"@graph\":[{\"@type\":\"Organization\",\"@id\":\"https:\/\/inative.es\/pos\/#organization\",\"name\":\"INATIVE\",\"url\":\"https:\/\/inative.es\/pos\/\",\"sameAs\":[\"https:\/\/www.facebook.com\/OfficialInative\/\",\"https:\/\/twitter.com\/officialinative\"],\"logo\":{\"@type\":\"ImageObject\",\"@id\":\"https:\/\/inative.es\/pos\/#logo\",\"inLanguage\":\"es\",\"url\":\"https:\/\/inative.es\/pos\/wp-content\/uploads\/2019\/02\/logo406x90_new.png\",\"contentUrl\":\"https:\/\/inative.es\/pos\/wp-content\/uploads\/2019\/02\/logo406x90_new.png\",\"width\":406,\"height\":90,\"caption\":\"INATIVE\"},\"image\":{\"@id\":\"https:\/\/inative.es\/pos\/#logo\"}},{\"@type\":\"WebSite\",\"@id\":\"https:\/\/inative.es\/pos\/#website\",\"url\":\"https:\/\/inative.es\/pos\/\",\"name\":\"Inative\",\"description\":\"Punto de venta\",\"publisher\":{\"@id\":\"https:\/\/inative.es\/pos\/#organization\"},\"potentialAction\":[{\"@type\":\"SearchAction\",\"target\":\"https:\/\/inative.es\/pos\/?s={search_term_string}\",\"query-input\":\"required name=search_term_string\"}],\"inLanguage\":\"es\"},{\"@type\":\"ImageObject\",\"@id\":\"https:\/\/inative.es\/pos\/shop\/hiopos-demo\/#primaryimage\",\"inLanguage\":\"es\",\"url\":\"https:\/\/inative.es\/pos\/wp-content\/uploads\/2019\/01\/HioPOS-Logo.png\",\"contentUrl\":\"https:\/\/inative.es\/pos\/wp-content\/uploads\/2019\/01\/HioPOS-Logo.png\",\"width\":968,\"height\":226},{\"@type\":\"WebPage\",\"@id\":\"https:\/\/inative.es\/pos\/shop\/hiopos-demo\/#webpage\",\"url\":\"https:\/\/inative.es\/pos\/shop\/hiopos-demo\/\",\"name\":\"HIOPOS Demo - Inative POS\",\"isPartOf\":{\"@id\":\"https:\/\/inative.es\/pos\/#website\"},\"primaryImageOfPage\":{\"@id\":\"https:\/\/inative.es\/pos\/shop\/hiopos-demo\/#primaryimage\"},\"datePublished\":\"2019-02-20T13:05:24+00:00\",\"dateModified\":\"2019-02-20T13:50:47+00:00\",\"breadcrumb\":{\"@id\":\"https:\/\/inative.es\/pos\/shop\/hiopos-demo\/#breadcrumb\"},\"inLanguage\":\"es\",\"potentialAction\":[{\"@type\":\"ReadAction\",\"target\":[\"https:\/\/inative.es\/pos\/shop\/hiopos-demo\/\"]}]},{\"@type\":\"BreadcrumbList\",\"@id\":\"https:\/\/inative.es\/pos\/shop\/hiopos-demo\/#breadcrumb\",\"itemListElement\":[{\"@type\":\"ListItem\",\"position\":1,\"item\":{\"@type\":\"WebPage\",\"@id\":\"https:\/\/inative.es\/pos\/\",\"url\":\"https:\/\/inative.es\/pos\/\",\"name\":\"Portada\"}},{\"@type\":\"ListItem\",\"position\":2,\"item\":{\"@type\":\"WebPage\",\"@id\":\"https:\/\/inative.es\/pos\/shop\/\",\"url\":\"https:\/\/inative.es\/pos\/shop\/\",\"name\":\"Shop\"}},{\"@type\":\"ListItem\",\"position\":3,\"item\":{\"@id\":\"https:\/\/inative.es\/pos\/shop\/hiopos-demo\/#webpage\"}}]}]}<\/script>\n<!-- \/ Yoast SEO plugin. -->","_links":{"self":[{"href":"https:\/\/inative.es\/pos\/wp-json\/wp\/v2\/product\/1651"}],"collection":[{"href":"https:\/\/inative.es\/pos\/wp-json\/wp\/v2\/product"}],"about":[{"href":"https:\/\/inative.es\/pos\/wp-json\/wp\/v2\/types\/product"}],"replies":[{"embeddable":true,"href":"https:\/\/inative.es\/pos\/wp-json\/wp\/v2\/comments?post=1651"}],"wp:featuredmedia":[{"embeddable":true,"href":"https:\/\/inative.es\/pos\/wp-json\/wp\/v2\/media\/1334"}],"wp:attachment":[{"href":"https:\/\/inative.es\/pos\/wp-json\/wp\/v2\/media?parent=1651"}],"curies":[{"name":"wp","href":"https:\/\/api.w.org\/{rel}","templated":true}]}}