{"id":1642,"date":"2019-02-20T13:31:15","date_gmt":"2019-02-20T12:31:15","guid":{"rendered":"https:\/\/inative.es\/pos\/?post_type=product&#038;p=1642"},"modified":"2019-02-20T13:31:15","modified_gmt":"2019-02-20T12:31:15","slug":"scanner-lector-de-codigos","status":"publish","type":"product","link":"https:\/\/inative.es\/pos\/shop\/scanner-lector-de-codigos\/","title":{"rendered":"Scanner \/ Lector de Codigos"},"content":{"rendered":"<p>Lector Laser de 1 l\u00ednea 1D<br \/>\nVel. Lectura 300 scan\/seg<br \/>\nDistancia laser 650 mm<br \/>\nProf. De campo 0-280 mm<br \/>\nTipo de lectura Manual, autom\u00e1tica y continua<br \/>\nConexi\u00f3n Usb<br \/>\nOpcional RS-232 O Teclado<br \/>\nDimensi\u00f3n 83x70x172mm , Peso: 250gr<br \/>\nGARANT\u00cdA 2 A\u00d1OS<\/p>\n","protected":false},"excerpt":{"rendered":"<p>Lector Laser de 1 l\u00ednea 1D Vel. Lectura 300 scan\/seg Distancia laser 650 mm Prof. De campo 0-280 mm Tipo de lectura Manual, autom\u00e1tica y continua Conexi\u00f3n Usb Opcional RS-232 O Teclado Dimensi\u00f3n 83x70x172mm , Peso: 250gr GARANT\u00cdA 2 A\u00d1OS<\/p>\n","protected":false},"featured_media":1643,"comment_status":"open","ping_status":"closed","template":"","meta":[],"yoast_head":"<!-- This site is optimized with the Yoast SEO plugin v16.2 - https:\/\/yoast.com\/wordpress\/plugins\/seo\/ -->\n<title>Scanner \/ Lector de Codigos - Inative POS<\/title>\n<meta name=\"robots\" content=\"index, follow, max-snippet:-1, max-image-preview:large, max-video-preview:-1\" \/>\n<link rel=\"canonical\" href=\"https:\/\/inative.es\/pos\/shop\/scanner-lector-de-codigos\/\" \/>\n<meta property=\"og:locale\" content=\"es_ES\" \/>\n<meta property=\"og:type\" content=\"article\" \/>\n<meta property=\"og:title\" content=\"Scanner \/ Lector de Codigos - Inative POS\" \/>\n<meta property=\"og:description\" content=\"Lector Laser de 1 l\u00ednea 1D Vel. Lectura 300 scan\/seg Distancia laser 650 mm Prof. De campo 0-280 mm Tipo de lectura Manual, autom\u00e1tica y continua Conexi\u00f3n Usb Opcional RS-232 O Teclado Dimensi\u00f3n 83x70x172mm , Peso: 250gr GARANT\u00cdA 2 A\u00d1OS\" \/>\n<meta property=\"og:url\" content=\"https:\/\/inative.es\/pos\/shop\/scanner-lector-de-codigos\/\" \/>\n<meta property=\"og:site_name\" content=\"Inative POS\" \/>\n<meta property=\"article:publisher\" content=\"https:\/\/www.facebook.com\/OfficialInative\/\" \/>\n<meta property=\"og:image\" content=\"https:\/\/inative.es\/pos\/wp-content\/uploads\/2019\/02\/HioPOS-Scanner.png\" \/>\n\t<meta property=\"og:image:width\" content=\"300\" \/>\n\t<meta property=\"og:image:height\" content=\"300\" \/>\n<meta name=\"twitter:card\" content=\"summary_large_image\" \/>\n<meta name=\"twitter:site\" content=\"@officialinative\" \/>\n<script type=\"application\/ld+json\" class=\"yoast-schema-graph\">{\"@context\":\"https:\/\/schema.org\",\"@graph\":[{\"@type\":\"Organization\",\"@id\":\"https:\/\/inative.es\/pos\/#organization\",\"name\":\"INATIVE\",\"url\":\"https:\/\/inative.es\/pos\/\",\"sameAs\":[\"https:\/\/www.facebook.com\/OfficialInative\/\",\"https:\/\/twitter.com\/officialinative\"],\"logo\":{\"@type\":\"ImageObject\",\"@id\":\"https:\/\/inative.es\/pos\/#logo\",\"inLanguage\":\"es\",\"url\":\"https:\/\/inative.es\/pos\/wp-content\/uploads\/2019\/02\/logo406x90_new.png\",\"contentUrl\":\"https:\/\/inative.es\/pos\/wp-content\/uploads\/2019\/02\/logo406x90_new.png\",\"width\":406,\"height\":90,\"caption\":\"INATIVE\"},\"image\":{\"@id\":\"https:\/\/inative.es\/pos\/#logo\"}},{\"@type\":\"WebSite\",\"@id\":\"https:\/\/inative.es\/pos\/#website\",\"url\":\"https:\/\/inative.es\/pos\/\",\"name\":\"Inative\",\"description\":\"Punto de venta\",\"publisher\":{\"@id\":\"https:\/\/inative.es\/pos\/#organization\"},\"potentialAction\":[{\"@type\":\"SearchAction\",\"target\":\"https:\/\/inative.es\/pos\/?s={search_term_string}\",\"query-input\":\"required name=search_term_string\"}],\"inLanguage\":\"es\"},{\"@type\":\"ImageObject\",\"@id\":\"https:\/\/inative.es\/pos\/shop\/scanner-lector-de-codigos\/#primaryimage\",\"inLanguage\":\"es\",\"url\":\"https:\/\/inative.es\/pos\/wp-content\/uploads\/2019\/02\/HioPOS-Scanner.png\",\"contentUrl\":\"https:\/\/inative.es\/pos\/wp-content\/uploads\/2019\/02\/HioPOS-Scanner.png\",\"width\":300,\"height\":300},{\"@type\":\"WebPage\",\"@id\":\"https:\/\/inative.es\/pos\/shop\/scanner-lector-de-codigos\/#webpage\",\"url\":\"https:\/\/inative.es\/pos\/shop\/scanner-lector-de-codigos\/\",\"name\":\"Scanner \/ Lector de Codigos - Inative POS\",\"isPartOf\":{\"@id\":\"https:\/\/inative.es\/pos\/#website\"},\"primaryImageOfPage\":{\"@id\":\"https:\/\/inative.es\/pos\/shop\/scanner-lector-de-codigos\/#primaryimage\"},\"datePublished\":\"2019-02-20T12:31:15+00:00\",\"dateModified\":\"2019-02-20T12:31:15+00:00\",\"breadcrumb\":{\"@id\":\"https:\/\/inative.es\/pos\/shop\/scanner-lector-de-codigos\/#breadcrumb\"},\"inLanguage\":\"es\",\"potentialAction\":[{\"@type\":\"ReadAction\",\"target\":[\"https:\/\/inative.es\/pos\/shop\/scanner-lector-de-codigos\/\"]}]},{\"@type\":\"BreadcrumbList\",\"@id\":\"https:\/\/inative.es\/pos\/shop\/scanner-lector-de-codigos\/#breadcrumb\",\"itemListElement\":[{\"@type\":\"ListItem\",\"position\":1,\"item\":{\"@type\":\"WebPage\",\"@id\":\"https:\/\/inative.es\/pos\/\",\"url\":\"https:\/\/inative.es\/pos\/\",\"name\":\"Portada\"}},{\"@type\":\"ListItem\",\"position\":2,\"item\":{\"@type\":\"WebPage\",\"@id\":\"https:\/\/inative.es\/pos\/shop\/\",\"url\":\"https:\/\/inative.es\/pos\/shop\/\",\"name\":\"Shop\"}},{\"@type\":\"ListItem\",\"position\":3,\"item\":{\"@id\":\"https:\/\/inative.es\/pos\/shop\/scanner-lector-de-codigos\/#webpage\"}}]}]}<\/script>\n<!-- \/ Yoast SEO plugin. -->","_links":{"self":[{"href":"https:\/\/inative.es\/pos\/wp-json\/wp\/v2\/product\/1642"}],"collection":[{"href":"https:\/\/inative.es\/pos\/wp-json\/wp\/v2\/product"}],"about":[{"href":"https:\/\/inative.es\/pos\/wp-json\/wp\/v2\/types\/product"}],"replies":[{"embeddable":true,"href":"https:\/\/inative.es\/pos\/wp-json\/wp\/v2\/comments?post=1642"}],"wp:featuredmedia":[{"embeddable":true,"href":"https:\/\/inative.es\/pos\/wp-json\/wp\/v2\/media\/1643"}],"wp:attachment":[{"href":"https:\/\/inative.es\/pos\/wp-json\/wp\/v2\/media?parent=1642"}],"curies":[{"name":"wp","href":"https:\/\/api.w.org\/{rel}","templated":true}]}}